[INFO] fetching crate sleigh-sys 0.1.0...
[INFO] checking sleigh-sys-0.1.0 against master#9610dfe5a9a731ced1ea4923ecbd0c57fe367898 for beta-170-4
[INFO] extracting crate sleigh-sys 0.1.0 into /workspace/builds/worker-3-tc1/source
[INFO] validating manifest of crates.io crate sleigh-sys 0.1.0 on toolchain 9610dfe5a9a731ced1ea4923ecbd0c57fe367898
[INFO] running `Command { std: CARGO_HOME="/workspace/cargo-home" RUSTUP_HOME="/workspace/rustup-home" "/workspace/cargo-home/bin/cargo" "+9610dfe5a9a731ced1ea4923ecbd0c57fe367898" "metadata" "--manifest-path" "Cargo.toml" "--no-deps", kill_on_drop: false }`
[INFO] started tweaking crates.io crate sleigh-sys 0.1.0
[INFO] finished tweaking crates.io crate sleigh-sys 0.1.0
[INFO] tweaked toml for crates.io crate sleigh-sys 0.1.0 written to /workspace/builds/worker-3-tc1/source/Cargo.toml
[INFO] running `Command { std: CARGO_HOME="/workspace/cargo-home" RUSTUP_HOME="/workspace/rustup-home" __CARGO_TEST_CHANNEL_OVERRIDE_DO_NOT_USE_THIS="nightly" "/workspace/cargo-home/bin/cargo" "+9610dfe5a9a731ced1ea4923ecbd0c57fe367898" "generate-lockfile" "--manifest-path" "Cargo.toml" "-Zno-index-update", kill_on_drop: false }`
[INFO] running `Command { std: CARGO_HOME="/workspace/cargo-home" RUSTUP_HOME="/workspace/rustup-home" "/workspace/cargo-home/bin/cargo" "+9610dfe5a9a731ced1ea4923ecbd0c57fe367898" "fetch" "--manifest-path" "Cargo.toml", kill_on_drop: false }`
[INFO] running `Command { std: "docker" "create" "-v" "/var/lib/crater-agent-workspace/builds/worker-3-tc1/target:/opt/rustwide/target:rw,Z" "-v" "/var/lib/crater-agent-workspace/builds/worker-3-tc1/source:/opt/rustwide/workdir:ro,Z" "-v" "/var/lib/crater-agent-workspace/cargo-home:/opt/rustwide/cargo-home:ro,Z" "-v" "/var/lib/crater-agent-workspace/rustup-home:/opt/rustwide/rustup-home:ro,Z" "-e" "SOURCE_DIR=/opt/rustwide/workdir" "-e" "CARGO_TARGET_DIR=/opt/rustwide/target" "-e" "CARGO_HOME=/opt/rustwide/cargo-home" "-e" "RUSTUP_HOME=/opt/rustwide/rustup-home" "-w" "/opt/rustwide/workdir" "-m" "1610612736" "--user" "0:0" "--network" "none" "ghcr.io/rust-lang/crates-build-env/linux@sha256:19e73879b68f455e41552ea35293514db52ea292d993f571636dbffedb77a1ee" "/opt/rustwide/cargo-home/bin/cargo" "+9610dfe5a9a731ced1ea4923ecbd0c57fe367898" "metadata" "--no-deps" "--format-version=1", kill_on_drop: false }`
[INFO] [stdout] 4eef8960c1a9dfebbb2b668c2184dd75870df49d940775783e682eca52f59176
[INFO] running `Command { std: "docker" "start" "-a" "4eef8960c1a9dfebbb2b668c2184dd75870df49d940775783e682eca52f59176", kill_on_drop: false }`
[INFO] running `Command { std: "docker" "inspect" "4eef8960c1a9dfebbb2b668c2184dd75870df49d940775783e682eca52f59176", kill_on_drop: false }`
[INFO] running `Command { std: "docker" "rm" "-f" "4eef8960c1a9dfebbb2b668c2184dd75870df49d940775783e682eca52f59176", kill_on_drop: false }`
[INFO] [stdout] 4eef8960c1a9dfebbb2b668c2184dd75870df49d940775783e682eca52f59176
[INFO] running `Command { std: "docker" "create" "-v" "/var/lib/crater-agent-workspace/builds/worker-3-tc1/target:/opt/rustwide/target:rw,Z" "-v" "/var/lib/crater-agent-workspace/builds/worker-3-tc1/source:/opt/rustwide/workdir:ro,Z" "-v" "/var/lib/crater-agent-workspace/cargo-home:/opt/rustwide/cargo-home:ro,Z" "-v" "/var/lib/crater-agent-workspace/rustup-home:/opt/rustwide/rustup-home:ro,Z" "-e" "SOURCE_DIR=/opt/rustwide/workdir" "-e" "CARGO_TARGET_DIR=/opt/rustwide/target" "-e" "CARGO_INCREMENTAL=0" "-e" "RUST_BACKTRACE=full" "-e" "RUSTFLAGS=--cap-lints=forbid" "-e" "RUSTDOCFLAGS=--cap-lints=forbid" "-e" "CARGO_HOME=/opt/rustwide/cargo-home" "-e" "RUSTUP_HOME=/opt/rustwide/rustup-home" "-w" "/opt/rustwide/workdir" "-m" "1610612736" "--user" "0:0" "--network" "none" "ghcr.io/rust-lang/crates-build-env/linux@sha256:19e73879b68f455e41552ea35293514db52ea292d993f571636dbffedb77a1ee" "/opt/rustwide/cargo-home/bin/cargo" "+9610dfe5a9a731ced1ea4923ecbd0c57fe367898" "check" "--frozen" "--all" "--all-targets" "--message-format=json", kill_on_drop: false }`
[INFO] [stdout] 1b441077ae5297974256cf955a04bf62d8cee2617bbd343c8d2c0e2cfa58b0be
[INFO] running `Command { std: "docker" "start" "-a" "1b441077ae5297974256cf955a04bf62d8cee2617bbd343c8d2c0e2cfa58b0be", kill_on_drop: false }`
[INFO] [stderr]    Compiling autocfg v1.1.0
[INFO] [stderr]    Compiling libc v0.2.144
[INFO] [stderr]    Compiling proc-macro2 v1.0.59
[INFO] [stderr]    Compiling unicode-ident v1.0.9
[INFO] [stderr]    Compiling quote v1.0.28
[INFO] [stderr]    Compiling scratch v1.0.5
[INFO] [stderr]    Compiling termcolor v1.2.0
[INFO] [stderr]    Compiling unicode-width v0.1.10
[INFO] [stderr]    Compiling cxxbridge-flags v1.0.95
[INFO] [stderr]    Compiling once_cell v1.17.2
[INFO] [stderr]    Compiling syn v1.0.109
[INFO] [stderr]     Checking lazy_static v1.4.0
[INFO] [stderr]    Compiling codespan-reporting v0.11.1
[INFO] [stderr]    Compiling num-traits v0.2.15
[INFO] [stderr]    Compiling num-integer v0.1.45
[INFO] [stderr]    Compiling num-bigint v0.4.3
[INFO] [stderr]    Compiling num-rational v0.4.1
[INFO] [stderr]    Compiling num-iter v0.1.43
[INFO] [stderr]    Compiling syn v2.0.18
[INFO] [stderr]    Compiling jobserver v0.1.26
[INFO] [stderr]    Compiling cc v1.0.79
[INFO] [stderr]     Checking num-complex v0.4.3
[INFO] [stderr]    Compiling link-cplusplus v1.0.8
[INFO] [stderr]    Compiling cxx v1.0.95
[INFO] [stderr]    Compiling num-derive v0.3.3
[INFO] [stderr]     Checking num v0.4.0
[INFO] [stderr]    Compiling cxx-build v1.0.95
[INFO] [stderr]    Compiling cxxbridge-macro v1.0.95
[INFO] [stderr]    Compiling sleigh-sys v0.1.0 (/opt/rustwide/workdir)
[INFO] [stderr] error: could not compile `cxxbridge-macro` (lib)
[INFO] [stderr] 
[INFO] [stderr] Caused by:
[INFO] [stderr]   process didn't exit successfully: `/opt/rustwide/rustup-home/toolchains/9610dfe5a9a731ced1ea4923ecbd0c57fe367898/bin/rustc --crate-name cxxbridge_macro --edition=2018 /opt/rustwide/cargo-home/registry/src/index.crates.io-6f17d22bba15001f/cxxbridge-macro-1.0.95/src/lib.rs --error-format=json --json=diagnostic-rendered-ansi,artifacts,future-incompat --crate-type proc-macro --emit=dep-info,link -C prefer-dynamic -C embed-bitcode=no -C debuginfo=0 -C metadata=9c19e333fb1a7148 -C extra-filename=-9c19e333fb1a7148 --out-dir /opt/rustwide/target/debug/deps -L dependency=/opt/rustwide/target/debug/deps --extern proc_macro2=/opt/rustwide/target/debug/deps/libproc_macro2-d57cdb98b74750f8.rlib --extern quote=/opt/rustwide/target/debug/deps/libquote-927a8b75ec839e7a.rlib --extern syn=/opt/rustwide/target/debug/deps/libsyn-750911259dee6f1b.rlib --extern proc_macro --cap-lints allow --cap-lints=forbid` (signal: 9, SIGKILL: kill)
[INFO] [stderr] warning: build failed, waiting for other jobs to finish...
[INFO] [stderr] The following warnings were emitted during compilation:
[INFO] [stderr] 
[INFO] [stderr] warning: c++: fatal error: Killed signal terminated program cc1plus
[INFO] [stderr] warning: compilation terminated.
[INFO] [stderr] warning: c++: fatal error: Killed signal terminated program cc1plus
[INFO] [stderr] warning: compilation terminated.
[INFO] [stderr] warning: c++: fatal error: Killed signal terminated program cc1plus
[INFO] [stderr] warning: compilation terminated.
[INFO] [stderr] warning: c++: fatal error: Killed signal terminated program cc1plus
[INFO] [stderr] warning: compilation terminated.
[INFO] [stderr] warning: c++: fatal error: Killed signal terminated program cc1plus
[INFO] [stderr] warning: compilation terminated.
[INFO] [stderr] 
[INFO] [stderr] error: failed to run custom build command for `sleigh-sys v0.1.0 (/opt/rustwide/workdir)`
[INFO] [stderr] note: To improve backtraces for build dependencies, set the CARGO_PROFILE_DEV_BUILD_OVERRIDE_DEBUG=true environment variable to enable debug information generation.
[INFO] [stderr] 
[INFO] [stderr] Caused by:
[INFO] [stderr]   process didn't exit successfully: `/opt/rustwide/target/debug/build/sleigh-sys-e590d4148fc40de8/build-script-build` (exit status: 1)
[INFO] [stderr]   --- stdout
[INFO] [stderr]   cargo:CXXBRIDGE_PREFIX=sleigh-sys
[INFO] [stderr]   cargo:CXXBRIDGE_DIR0=/opt/rustwide/target/debug/build/sleigh-sys-443e1e59757871c4/out/cxxbridge/include
[INFO] [stderr]   cargo:CXXBRIDGE_DIR1=/opt/rustwide/target/debug/build/sleigh-sys-443e1e59757871c4/out/cxxbridge/crate
[INFO] [stderr]   TARGET = Some("x86_64-unknown-linux-gnu")
[INFO] [stderr]   OPT_LEVEL = Some("0")
[INFO] [stderr]   HOST = Some("x86_64-unknown-linux-gnu")
[INFO] [stderr]   cargo:rerun-if-env-changed=CXX_x86_64-unknown-linux-gnu
[INFO] [stderr]   CXX_x86_64-unknown-linux-gnu = None
[INFO] [stderr]   cargo:rerun-if-env-changed=CXX_x86_64_unknown_linux_gnu
[INFO] [stderr]   CXX_x86_64_unknown_linux_gnu = None
[INFO] [stderr]   cargo:rerun-if-env-changed=HOST_CXX
[INFO] [stderr]   HOST_CXX = None
[INFO] [stderr]   cargo:rerun-if-env-changed=CXX
[INFO] [stderr]   CXX = None
[INFO] [stderr]   cargo:rerun-if-env-changed=CXXFLAGS_x86_64-unknown-linux-gnu
[INFO] [stderr]   CXXFLAGS_x86_64-unknown-linux-gnu = None
[INFO] [stderr]   cargo:rerun-if-env-changed=CXXFLAGS_x86_64_unknown_linux_gnu
[INFO] [stderr]   CXXFLAGS_x86_64_unknown_linux_gnu = None
[INFO] [stderr]   cargo:rerun-if-env-changed=HOST_CXXFLAGS
[INFO] [stderr]   HOST_CXXFLAGS = None
[INFO] [stderr]   cargo:rerun-if-env-changed=CXXFLAGS
[INFO] [stderr]   CXXFLAGS = None
[INFO] [stderr]   cargo:rerun-if-env-changed=CRATE_CC_NO_DEFAULTS
[INFO] [stderr]   CRATE_CC_NO_DEFAULTS = None
[INFO] [stderr]   DEBUG = Some("true")
[INFO] [stderr]   CARGO_CFG_TARGET_FEATURE = Some("fxsr,sse,sse2")
[INFO] [stderr]   cargo:rerun-if-env-changed=CXX_x86_64-unknown-linux-gnu
[INFO] [stderr]   CXX_x86_64-unknown-linux-gnu = None
[INFO] [stderr]   cargo:rerun-if-env-changed=CXX_x86_64_unknown_linux_gnu
[INFO] [stderr]   CXX_x86_64_unknown_linux_gnu = None
[INFO] [stderr]   cargo:rerun-if-env-changed=HOST_CXX
[INFO] [stderr]   HOST_CXX = None
[INFO] [stderr]   cargo:rerun-if-env-changed=CXX
[INFO] [stderr]   CXX = None
[INFO] [stderr]   cargo:rerun-if-env-changed=CXXFLAGS_x86_64-unknown-linux-gnu
[INFO] [stderr]   CXXFLAGS_x86_64-unknown-linux-gnu = None
[INFO] [stderr]   cargo:rerun-if-env-changed=CXXFLAGS_x86_64_unknown_linux_gnu
[INFO] [stderr]   CXXFLAGS_x86_64_unknown_linux_gnu = None
[INFO] [stderr]   cargo:rerun-if-env-changed=HOST_CXXFLAGS
[INFO] [stderr]   HOST_CXXFLAGS = None
[INFO] [stderr]   cargo:rerun-if-env-changed=CXXFLAGS
[INFO] [stderr]   CXXFLAGS = None
[INFO] [stderr]   cargo:rerun-if-env-changed=CRATE_CC_NO_DEFAULTS
[INFO] [stderr]   CRATE_CC_NO_DEFAULTS = None
[INFO] [stderr]   CARGO_CFG_TARGET_FEATURE = Some("fxsr,sse,sse2")
[INFO] [stderr]   running: "c++" "-O0" "-ffunction-sections" "-fdata-sections" "-fPIC" "-gdwarf-4" "-fno-omit-frame-pointer" "-m64" "-I" "/opt/rustwide/target/debug/build/sleigh-sys-443e1e59757871c4/out/cxxbridge/include" "-I" "/opt/rustwide/target/debug/build/sleigh-sys-443e1e59757871c4/out/cxxbridge/crate" "-I" "decompiler" "-I" "bridge" "-lbfd -lz" "-std=c++14" "-DPACKAGE=cppserver" "-o" "/opt/rustwide/target/debug/build/sleigh-sys-443e1e59757871c4/out/decompiler/pcoderaw.o" "-c" "decompiler/pcoderaw.cc"
[INFO] [stderr]   running: "c++" "-O0" "-ffunction-sections" "-fdata-sections" "-fPIC" "-gdwarf-4" "-fno-omit-frame-pointer" "-m64" "-I" "/opt/rustwide/target/debug/build/sleigh-sys-443e1e59757871c4/out/cxxbridge/include" "-I" "/opt/rustwide/target/debug/build/sleigh-sys-443e1e59757871c4/out/cxxbridge/crate" "-I" "decompiler" "-I" "bridge" "-lbfd -lz" "-std=c++14" "-DPACKAGE=cppserver" "-o" "/opt/rustwide/target/debug/build/sleigh-sys-443e1e59757871c4/out/6883fb8369e02cd1-lib.rs.o" "-c" "/opt/rustwide/target/debug/build/sleigh-sys-443e1e59757871c4/out/cxxbridge/sources/sleigh-sys/src/lib.rs.cc"
[INFO] [stderr]   running: "c++" "-O0" "-ffunction-sections" "-fdata-sections" "-fPIC" "-gdwarf-4" "-fno-omit-frame-pointer" "-m64" "-I" "/opt/rustwide/target/debug/build/sleigh-sys-443e1e59757871c4/out/cxxbridge/include" "-I" "/opt/rustwide/target/debug/build/sleigh-sys-443e1e59757871c4/out/cxxbridge/crate" "-I" "decompiler" "-I" "bridge" "-lbfd -lz" "-std=c++14" "-DPACKAGE=cppserver" "-o" "/opt/rustwide/target/debug/build/sleigh-sys-443e1e59757871c4/out/decompiler/space.o" "-c" "decompiler/space.cc"
[INFO] [stderr]   running: "c++" "-O0" "-ffunction-sections" "-fdata-sections" "-fPIC" "-gdwarf-4" "-fno-omit-frame-pointer" "-m64" "-I" "/opt/rustwide/target/debug/build/sleigh-sys-443e1e59757871c4/out/cxxbridge/include" "-I" "/opt/rustwide/target/debug/build/sleigh-sys-443e1e59757871c4/out/cxxbridge/crate" "-I" "decompiler" "-I" "bridge" "-lbfd -lz" "-std=c++14" "-DPACKAGE=cppserver" "-o" "/opt/rustwide/target/debug/build/sleigh-sys-443e1e59757871c4/out/decompiler/address.o" "-c" "decompiler/address.cc"
[INFO] [stderr]   running: "c++" "-O0" "-ffunction-sections" "-fdata-sections" "-fPIC" "-gdwarf-4" "-fno-omit-frame-pointer" "-m64" "-I" "/opt/rustwide/target/debug/build/sleigh-sys-443e1e59757871c4/out/cxxbridge/include" "-I" "/opt/rustwide/target/debug/build/sleigh-sys-443e1e59757871c4/out/cxxbridge/crate" "-I" "decompiler" "-I" "bridge" "-lbfd -lz" "-std=c++14" "-DPACKAGE=cppserver" "-o" "/opt/rustwide/target/debug/build/sleigh-sys-443e1e59757871c4/out/decompiler/float.o" "-c" "decompiler/float.cc"
[INFO] [stderr]   running: "c++" "-O0" "-ffunction-sections" "-fdata-sections" "-fPIC" "-gdwarf-4" "-fno-omit-frame-pointer" "-m64" "-I" "/opt/rustwide/target/debug/build/sleigh-sys-443e1e59757871c4/out/cxxbridge/include" "-I" "/opt/rustwide/target/debug/build/sleigh-sys-443e1e59757871c4/out/cxxbridge/crate" "-I" "decompiler" "-I" "bridge" "-lbfd -lz" "-std=c++14" "-DPACKAGE=cppserver" "-o" "/opt/rustwide/target/debug/build/sleigh-sys-443e1e59757871c4/out/decompiler/translate.o" "-c" "decompiler/translate.cc"
[INFO] [stderr]   running: "c++" "-O0" "-ffunction-sections" "-fdata-sections" "-fPIC" "-gdwarf-4" "-fno-omit-frame-pointer" "-m64" "-I" "/opt/rustwide/target/debug/build/sleigh-sys-443e1e59757871c4/out/cxxbridge/include" "-I" "/opt/rustwide/target/debug/build/sleigh-sys-443e1e59757871c4/out/cxxbridge/crate" "-I" "decompiler" "-I" "bridge" "-lbfd -lz" "-std=c++14" "-DPACKAGE=cppserver" "-o" "/opt/rustwide/target/debug/build/sleigh-sys-443e1e59757871c4/out/decompiler/globalcontext.o" "-c" "decompiler/globalcontext.cc"
[INFO] [stderr]   running: "c++" "-O0" "-ffunction-sections" "-fdata-sections" "-fPIC" "-gdwarf-4" "-fno-omit-frame-pointer" "-m64" "-I" "/opt/rustwide/target/debug/build/sleigh-sys-443e1e59757871c4/out/cxxbridge/include" "-I" "/opt/rustwide/target/debug/build/sleigh-sys-443e1e59757871c4/out/cxxbridge/crate" "-I" "decompiler" "-I" "bridge" "-lbfd -lz" "-std=c++14" "-DPACKAGE=cppserver" "-o" "/opt/rustwide/target/debug/build/sleigh-sys-443e1e59757871c4/out/decompiler/opcodes.o" "-c" "decompiler/opcodes.cc"
[INFO] [stderr]   running: "c++" "-O0" "-ffunction-sections" "-fdata-sections" "-fPIC" "-gdwarf-4" "-fno-omit-frame-pointer" "-m64" "-I" "/opt/rustwide/target/debug/build/sleigh-sys-443e1e59757871c4/out/cxxbridge/include" "-I" "/opt/rustwide/target/debug/build/sleigh-sys-443e1e59757871c4/out/cxxbridge/crate" "-I" "decompiler" "-I" "bridge" "-lbfd -lz" "-std=c++14" "-DPACKAGE=cppserver" "-o" "/opt/rustwide/target/debug/build/sleigh-sys-443e1e59757871c4/out/decompiler/options.o" "-c" "decompiler/options.cc"
[INFO] [stderr]   running: "c++" "-O0" "-ffunction-sections" "-fdata-sections" "-fPIC" "-gdwarf-4" "-fno-omit-frame-pointer" "-m64" "-I" "/opt/rustwide/target/debug/build/sleigh-sys-443e1e59757871c4/out/cxxbridge/include" "-I" "/opt/rustwide/target/debug/build/sleigh-sys-443e1e59757871c4/out/cxxbridge/crate" "-I" "decompiler" "-I" "bridge" "-lbfd -lz" "-std=c++14" "-DPACKAGE=cppserver" "-o" "/opt/rustwide/target/debug/build/sleigh-sys-443e1e59757871c4/out/decompiler/capability.o" "-c" "decompiler/capability.cc"
[INFO] [stderr]   running: "c++" "-O0" "-ffunction-sections" "-fdata-sections" "-fPIC" "-gdwarf-4" "-fno-omit-frame-pointer" "-m64" "-I" "/opt/rustwide/target/debug/build/sleigh-sys-443e1e59757871c4/out/cxxbridge/include" "-I" "/opt/rustwide/target/debug/build/sleigh-sys-443e1e59757871c4/out/cxxbridge/crate" "-I" "decompiler" "-I" "bridge" "-lbfd -lz" "-std=c++14" "-DPACKAGE=cppserver" "-o" "/opt/rustwide/target/debug/build/sleigh-sys-443e1e59757871c4/out/decompiler/graph.o" "-c" "decompiler/graph.cc"
[INFO] [stderr]   running: "c++" "-O0" "-ffunction-sections" "-fdata-sections" "-fPIC" "-gdwarf-4" "-fno-omit-frame-pointer" "-m64" "-I" "/opt/rustwide/target/debug/build/sleigh-sys-443e1e59757871c4/out/cxxbridge/include" "-I" "/opt/rustwide/target/debug/build/sleigh-sys-443e1e59757871c4/out/cxxbridge/crate" "-I" "decompiler" "-I" "bridge" "-lbfd -lz" "-std=c++14" "-DPACKAGE=cppserver" "-o" "/opt/rustwide/target/debug/build/sleigh-sys-443e1e59757871c4/out/decompiler/architecture.o" "-c" "decompiler/architecture.cc"
[INFO] [stderr]   running: "c++" "-O0" "-ffunction-sections" "-fdata-sections" "-fPIC" "-gdwarf-4" "-fno-omit-frame-pointer" "-m64" "-I" "/opt/rustwide/target/debug/build/sleigh-sys-443e1e59757871c4/out/cxxbridge/include" "-I" "/opt/rustwide/target/debug/build/sleigh-sys-443e1e59757871c4/out/cxxbridge/crate" "-I" "decompiler" "-I" "bridge" "-lbfd -lz" "-std=c++14" "-DPACKAGE=cppserver" "-o" "/opt/rustwide/target/debug/build/sleigh-sys-443e1e59757871c4/out/decompiler/cover.o" "-c" "decompiler/cover.cc"
[INFO] [stderr]   running: "c++" "-O0" "-ffunction-sections" "-fdata-sections" "-fPIC" "-gdwarf-4" "-fno-omit-frame-pointer" "-m64" "-I" "/opt/rustwide/target/debug/build/sleigh-sys-443e1e59757871c4/out/cxxbridge/include" "-I" "/opt/rustwide/target/debug/build/sleigh-sys-443e1e59757871c4/out/cxxbridge/crate" "-I" "decompiler" "-I" "bridge" "-lbfd -lz" "-std=c++14" "-DPACKAGE=cppserver" "-o" "/opt/rustwide/target/debug/build/sleigh-sys-443e1e59757871c4/out/decompiler/block.o" "-c" "decompiler/block.cc"
[INFO] [stderr]   running: "c++" "-O0" "-ffunction-sections" "-fdata-sections" "-fPIC" "-gdwarf-4" "-fno-omit-frame-pointer" "-m64" "-I" "/opt/rustwide/target/debug/build/sleigh-sys-443e1e59757871c4/out/cxxbridge/include" "-I" "/opt/rustwide/target/debug/build/sleigh-sys-443e1e59757871c4/out/cxxbridge/crate" "-I" "decompiler" "-I" "bridge" "-lbfd -lz" "-std=c++14" "-DPACKAGE=cppserver" "-o" "/opt/rustwide/target/debug/build/sleigh-sys-443e1e59757871c4/out/decompiler/cast.o" "-c" "decompiler/cast.cc"
[INFO] [stderr]   exit status: 0
[INFO] [stderr]   running: "c++" "-O0" "-ffunction-sections" "-fdata-sections" "-fPIC" "-gdwarf-4" "-fno-omit-frame-pointer" "-m64" "-I" "/opt/rustwide/target/debug/build/sleigh-sys-443e1e59757871c4/out/cxxbridge/include" "-I" "/opt/rustwide/target/debug/build/sleigh-sys-443e1e59757871c4/out/cxxbridge/crate" "-I" "decompiler" "-I" "bridge" "-lbfd -lz" "-std=c++14" "-DPACKAGE=cppserver" "-o" "/opt/rustwide/target/debug/build/sleigh-sys-443e1e59757871c4/out/decompiler/typeop.o" "-c" "decompiler/typeop.cc"
[INFO] [stderr]   exit status: 0
[INFO] [stderr]   running: "c++" "-O0" "-ffunction-sections" "-fdata-sections" "-fPIC" "-gdwarf-4" "-fno-omit-frame-pointer" "-m64" "-I" "/opt/rustwide/target/debug/build/sleigh-sys-443e1e59757871c4/out/cxxbridge/include" "-I" "/opt/rustwide/target/debug/build/sleigh-sys-443e1e59757871c4/out/cxxbridge/crate" "-I" "decompiler" "-I" "bridge" "-lbfd -lz" "-std=c++14" "-DPACKAGE=cppserver" "-o" "/opt/rustwide/target/debug/build/sleigh-sys-443e1e59757871c4/out/decompiler/database.o" "-c" "decompiler/database.cc"
[INFO] [stderr]   exit status: 0
[INFO] [stderr]   running: "c++" "-O0" "-ffunction-sections" "-fdata-sections" "-fPIC" "-gdwarf-4" "-fno-omit-frame-pointer" "-m64" "-I" "/opt/rustwide/target/debug/build/sleigh-sys-443e1e59757871c4/out/cxxbridge/include" "-I" "/opt/rustwide/target/debug/build/sleigh-sys-443e1e59757871c4/out/cxxbridge/crate" "-I" "decompiler" "-I" "bridge" "-lbfd -lz" "-std=c++14" "-DPACKAGE=cppserver" "-o" "/opt/rustwide/target/debug/build/sleigh-sys-443e1e59757871c4/out/decompiler/cpool.o" "-c" "decompiler/cpool.cc"
[INFO] [stderr]   running: "c++" "-O0" "-ffunction-sections" "-fdata-sections" "-fPIC" "-gdwarf-4" "-fno-omit-frame-pointer" "-m64" "-I" "/opt/rustwide/target/debug/build/sleigh-sys-443e1e59757871c4/out/cxxbridge/include" "-I" "/opt/rustwide/target/debug/build/sleigh-sys-443e1e59757871c4/out/cxxbridge/crate" "-I" "decompiler" "-I" "bridge" "-lbfd -lz" "-std=c++14" "-DPACKAGE=cppserver" "-o" "/opt/rustwide/target/debug/build/sleigh-sys-443e1e59757871c4/out/decompiler/comment.o" "-c" "decompiler/comment.cc"
[INFO] [stderr]   exit status: 0
[INFO] [stderr]   running: "c++" "-O0" "-ffunction-sections" "-fdata-sections" "-fPIC" "-gdwarf-4" "-fno-omit-frame-pointer" "-m64" "-I" "/opt/rustwide/target/debug/build/sleigh-sys-443e1e59757871c4/out/cxxbridge/include" "-I" "/opt/rustwide/target/debug/build/sleigh-sys-443e1e59757871c4/out/cxxbridge/crate" "-I" "decompiler" "-I" "bridge" "-lbfd -lz" "-std=c++14" "-DPACKAGE=cppserver" "-o" "/opt/rustwide/target/debug/build/sleigh-sys-443e1e59757871c4/out/decompiler/fspec.o" "-c" "decompiler/fspec.cc"
[INFO] [stderr]   exit status: 0
[INFO] [stderr]   exit status: 0
[INFO] [stderr]   running: "c++" "-O0" "-ffunction-sections" "-fdata-sections" "-fPIC" "-gdwarf-4" "-fno-omit-frame-pointer" "-m64" "-I" "/opt/rustwide/target/debug/build/sleigh-sys-443e1e59757871c4/out/cxxbridge/include" "-I" "/opt/rustwide/target/debug/build/sleigh-sys-443e1e59757871c4/out/cxxbridge/crate" "-I" "decompiler" "-I" "bridge" "-lbfd -lz" "-std=c++14" "-DPACKAGE=cppserver" "-o" "/opt/rustwide/target/debug/build/sleigh-sys-443e1e59757871c4/out/decompiler/action.o" "-c" "decompiler/action.cc"
[INFO] [stderr]   running: "c++" "-O0" "-ffunction-sections" "-fdata-sections" "-fPIC" "-gdwarf-4" "-fno-omit-frame-pointer" "-m64" "-I" "/opt/rustwide/target/debug/build/sleigh-sys-443e1e59757871c4/out/cxxbridge/include" "-I" "/opt/rustwide/target/debug/build/sleigh-sys-443e1e59757871c4/out/cxxbridge/crate" "-I" "decompiler" "-I" "bridge" "-lbfd -lz" "-std=c++14" "-DPACKAGE=cppserver" "-o" "/opt/rustwide/target/debug/build/sleigh-sys-443e1e59757871c4/out/decompiler/loadimage.o" "-c" "decompiler/loadimage.cc"
[INFO] [stderr]   cargo:warning=c++: fatal error: Killed signal terminated program cc1plus
[INFO] [stderr]   cargo:warning=compilation terminated.
[INFO] [stderr]   exit status: 1
[INFO] [stderr]   running: "c++" "-O0" "-ffunction-sections" "-fdata-sections" "-fPIC" "-gdwarf-4" "-fno-omit-frame-pointer" "-m64" "-I" "/opt/rustwide/target/debug/build/sleigh-sys-443e1e59757871c4/out/cxxbridge/include" "-I" "/opt/rustwide/target/debug/build/sleigh-sys-443e1e59757871c4/out/cxxbridge/crate" "-I" "decompiler" "-I" "bridge" "-lbfd -lz" "-std=c++14" "-DPACKAGE=cppserver" "-o" "/opt/rustwide/target/debug/build/sleigh-sys-443e1e59757871c4/out/decompiler/varnode.o" "-c" "decompiler/varnode.cc"
[INFO] [stderr]   exit status: 0
[INFO] [stderr]   cargo:warning=c++: fatal error: Killed signal terminated program cc1plus
[INFO] [stderr]   cargo:warning=compilation terminated.
[INFO] [stderr]   exit status: 1
[INFO] [stderr]   cargo:warning=c++: fatal error: Killed signal terminated program cc1plus
[INFO] [stderr]   cargo:warning=compilation terminated.
[INFO] [stderr]   exit status: 1
[INFO] [stderr]   exit status: 0
[INFO] [stderr]   exit status: 0
[INFO] [stderr]   exit status: 0
[INFO] [stderr]   exit status: 0
[INFO] [stderr]   exit status: 0
[INFO] [stderr]   exit status: 0
[INFO] [stderr]   cargo:warning=c++: fatal error: Killed signal terminated program cc1plus
[INFO] [stderr]   cargo:warning=compilation terminated.
[INFO] [stderr]   exit status: 1
[INFO] [stderr]   cargo:warning=c++: fatal error: Killed signal terminated program cc1plus
[INFO] [stderr]   cargo:warning=compilation terminated.
[INFO] [stderr]   exit status: 1
[INFO] [stderr]   exit status: 0
[INFO] [stderr]   exit status: 0
[INFO] [stderr]   exit status: 0
[INFO] [stderr]   exit status: 0
[INFO] [stderr]   exit status: 0
[INFO] [stderr] 
[INFO] [stderr]   --- stderr
[INFO] [stderr] 
[INFO] [stderr]   CXX include path:
[INFO] [stderr]     /opt/rustwide/target/debug/build/sleigh-sys-443e1e59757871c4/out/cxxbridge/include
[INFO] [stderr]     /opt/rustwide/target/debug/build/sleigh-sys-443e1e59757871c4/out/cxxbridge/crate
[INFO] [stderr] 
[INFO] [stderr] 
[INFO] [stderr]   error occurred: Command "c++" "-O0" "-ffunction-sections" "-fdata-sections" "-fPIC" "-gdwarf-4" "-fno-omit-frame-pointer" "-m64" "-I" "/opt/rustwide/target/debug/build/sleigh-sys-443e1e59757871c4/out/cxxbridge/include" "-I" "/opt/rustwide/target/debug/build/sleigh-sys-443e1e59757871c4/out/cxxbridge/crate" "-I" "decompiler" "-I" "bridge" "-lbfd -lz" "-std=c++14" "-DPACKAGE=cppserver" "-o" "/opt/rustwide/target/debug/build/sleigh-sys-443e1e59757871c4/out/decompiler/architecture.o" "-c" "decompiler/architecture.cc" with args "c++" did not execute successfully (status code exit status: 1).
[INFO] [stderr] 
[INFO] [stderr] 
[INFO] running `Command { std: "docker" "inspect" "1b441077ae5297974256cf955a04bf62d8cee2617bbd343c8d2c0e2cfa58b0be", kill_on_drop: false }`
[INFO] running `Command { std: "docker" "rm" "-f" "1b441077ae5297974256cf955a04bf62d8cee2617bbd343c8d2c0e2cfa58b0be", kill_on_drop: false }`
[INFO] [stdout] 1b441077ae5297974256cf955a04bf62d8cee2617bbd343c8d2c0e2cfa58b0be
